 -2*p + 2*h = -h - i, -p - 4*h = -28. List the prime factors of p.
2, 3
Let z be (2/10)/((-1)/(-145)). Suppose -z*j + 306 = -26*j. What are the prime factors of j?
2, 3, 17
Let l(i) = i**2 + 9*i + 5. Let z be l(-10). Let a be 1990/z + (-2)/3. What are the prime factors of 2/(-5) + a/5?
2, 13
Let w be (4/(-1) - -2)*-298. Let g = w - 413. Suppose 2 = 5*q - g. What are the prime factors of q?
37
Suppose 9*y - 2*y + 35 = 0. List the prime factors of ((-105)/(-6))/y*-2.
7
Suppose -3*h - 4*c + 0*c - 13 = 0, 0 = -2*h - 2*c - 8. Let y be (-8 - -2)/h + 76. Suppose y = 4*x - 2*x - 2*k, 1 = k. List the prime factors of x.
2, 5
Let h(n) = -n**2 - 3*n + 605. List the prime factors of h(0).
5, 11
Let x be ((-82)/(-4))/(8/(-144)). List the prime factors of (x/(-6))/((-5)/(-10)).
3, 41
Let f(j) = -122*j**3 - 6*j**2 - 8*j - 16. List the prime factors of f(-3).
2, 7, 29
Let b(a) = a**3 + 5*a**2 + 3*a + 1. Let c be b(-4). Suppose -2*l + 8*l = 0. List the prime factors of -2*c*(l - 1).
2, 5
Let s(q) = -q + 8. Let t be s(5). Let u be (-56)/(-21)*t/2. Suppose 2*v - 46 = -4*z, -5*v + 76 = u*z - 7*z. What are the prime factors of v?
17
Let v(f) = 49*f**3 + 3*f - 1. List the prime factors of v(3).
11
Suppose -10 = 3*k + 2, 35 = 5*b - 5*k. Suppose -1 - 11 = -b*n. Suppose 0 = 2*j + 8, -n*a + 2*j = -41 - 7. What are the prime factors of a?
2, 5
Let n be -3 + 255*(-8)/(-12). Suppose 4*o - n = -5*x, 4*o = 2*o - 5*x + 91. What are the prime factors of o?
2, 19
Let q(b) = 2*b + 5. Let p be q(5). Suppose -2*w + 279 = -j, -3*j - 2*j = -p. What are the prime factors of w?
3, 47
Let s(q) = q**2 - 3*q + 1. Let a be s(4). Let r be 0 + 5 + 105 + 0. Suppose -r + a = -5*i. List the prime factors of i.
3, 7
Let b = 4569 - 1863. List the prime factors of b.
2, 3, 11, 41
Suppose -6 = 3*j + 3. What are the prime factors of 37/(j/(5 + -8))?
37
Let u(s) = -2*s + 14 + 2*s + 11*s**2 + 6*s + 5*s - s**3. Let j be u(12). Suppose -j*t - 4*p + 96 = 0, 78 = -3*t - 2*p + 214. List the prime factors of t.
2, 11
Let g(h) = -1 - 4*h**2 + 14*h + 3*h**2 - 11. List the prime factors of g(10).
2, 7
Let i = -3232 - -5679. List the prime factors of i.
2447
Let t(l) = 3*l**2 + 18*l - 1. List the prime factors of t(-17).
2, 5, 7
Suppose 0 = 2*s + 2*m - 9764, 2*m + 1404 = 4*s - 18112. What are the prime factors of s?
2, 5, 61
List the prime factors of (-46944)/(-22) + 4/22.
2, 11, 97
Suppose 2*j + 2*p - 2254 = 0, -12*p + 15*p - 2257 = -2*j. What are the prime factors of j?
2, 281
Let g = 360 + -2. Suppose -3*x + 206 = -0*x + 5*v, -5*x - v + g = 0. What are the prime factors of x?
2, 3
Suppose -19 - 1 = 4*s. List the prime factors of 2 + (s/(-5) - -16).
19
What are the prime factors of (-6)/(-16) + (-108500)/(-32)?
3391
Let b(m) = 26*m**2 + 31*m + 3. List the prime factors of b(-7).
2, 5, 53
Suppose -3*x - 101 = -308. Suppose 3*s - x = 12. List the prime factors of s.
3
Suppose -11753 - 11028 = -19*x. List the prime factors of x.
11, 109
Suppose 41 - 5 = 9*l. What are the prime factors of (-370)/(-8) + (-1)/l?
2, 23
Suppose g = 3*g + 102. Let k = g - -30. Let d = 34 + k. List the prime factors of d.
13
Suppose 5*l - 40 = 3*w + 2*w, 31 = 2*l - 5*w. Suppose -u - 1 = 0, 5*o - l*u + 0*u = 248. What are the prime factors of o?
7
What are the prime factors of 1/(-2) - 95/(-38)?
2
Let x(v) = -3*v - 3. Let s be x(0). What are the prime factors of -2 + (-4 - s - -44)?
41
Let o = 3155 + -470. What are the prime factors of o?
3, 5, 179
What are the prime factors of ((-1964)/(-10))/(-2 - (-44)/20)?
2, 491
Suppose 4*f - 68 = v + v, -74 = 2*v + 2*f. Let l be 10/35 + 33/7. List the prime factors of l/3*v/(-1).
2, 3, 5
Let r(y) = -y**2 - 16*y - 20. Let b be r(-10). Suppose 4*g = -2*i + 48 + 36, 4*g = -i + b. List the prime factors of i.
2, 11
Suppose 8*w + 125 = 3*w. Let q = w + 84. Let h = 93 - q. List the prime factors of h.
2, 17
Let j(b) = 6*b**2 - 21*b - 217. List the prime factors of j(-15).
2, 181
Let i(n) = 4*n + 2. Let v = -15 - -18. Suppose s - v*s - y + 3 = 0, 3*s + 5*y + 13 = 0. What are the prime factors of i(s)?
2, 3
Let x = -82 - -127. Suppose -3*i = x - 483. List the prime factors of i.
2, 73
Suppose 5*x - 2798 = -4*s, 16*s + 2*x = 14*s + 1398. List the prime factors of s.
17, 41
Let s = 32 + -30. Suppose -17 = s*g - 119. What are the prime factors of g?
3, 17
Let n(d) = -d + 14. Let m be n(11). Suppose -3*j - 3*h = -618, m*h - 9 = -0. List the prime factors of j.
7, 29
Let k(y) = 2*y - 27. Let c be k(16). Let g(p) = 4*p - 13. List the prime factors of g(c).
7
Suppose 2474 = 4*w + 2*s, 29*w - 33*w + 2462 = -2*s. List the prime factors of w.
617
Suppose -h = -4*h + 1338. Suppose 4*o = -2*g + h, 0 = -o + 4*o + 4*g - 342. List the prime factors of o.
2, 5, 11
Suppose 740 + 5229 = 5*f + 2*v, -4*f + 4765 = 5*v. What are the prime factors of f?
5, 239
Let c(d) = d - 2. Suppose 2*g - 12 + 2 = 0. Let y(i) = -3*i + 5. Let s(m) = g*c(m) + 2*y(m). What are the prime factors of s(-5)?
5
Let y = 3 - 4. Let o = -453 + 467. Let u = o - y. What are the prime factors of u?
3, 5
Let v(n) = -161*n + 258. What are the prime factors of v(-13)?
2351
List the prime factors of 1*123/12*4.
41
Suppose 195 + 61 = 4*b. Suppose b + 1 = t. List the prime factors of t.
5, 13
Let n be 875/(-21) + (-15)/(-9). Let l = n + 89. What are the prime factors of l?
7
Let p = 10 - 5. Suppose 0 = 4*a - 3*n - 41, -2*a - p*n + 1 = -0*a. Suppose -5*q - 3*m + 107 = 0, -a = -5*m + 12. List the prime factors of q.
19
Suppose -3865 = -8*f - 529. What are the prime factors of f?
3, 139
Suppose 155 - 845 = -15*r. Let g(p) = 31*p**2 - p. Let t be g(1). Let v = r - t. List the prime factors of v.
2
Let p be 1/(3 - 28/8). Let b be ((-23)/2 - 2)*p. Suppose -b = -5*j + 2*j. What are the prime factors of j?
3
Suppose 0 = 3*a - 29 - 16. Let o be a/(-10)*62/(-3). Let z = -8 + o. List the prime factors of z.
23
Let p(z) = -z**3 - z**2 + z. Let f be p(0). Suppose -n + 0 + 6 = f. Let b = 25 - n. List the prime factors of b.
19
Let y = 132 + 147. List the prime factors of y.
3, 31
Let d = 181 - -2105. What are the prime factors of d?
2, 3, 127
Let j be 3 + -3*(-10)/(-2). Let b be ((-4)/j)/((-2)/(-12)). Suppose b*x - 5*z - 60 = 0, -28 = x - 2*x + 2*z. What are the prime factors of x?
2, 5
Suppose 0 = -76*s + 30206 + 34090. List the prime factors of s.
2, 3, 47
Suppose 34*q - 4156 = 16312. List the prime factors of q.
2, 7, 43
Suppose -7*t + 5*l - 20 = -2*t, 0 = 3*l - 12. Suppose t = -0*j + j. Suppose j*x + 68 = 2*x - 4*c, 0 = -2*x + 5*c + 66. What are the prime factors of x?
2, 19
Let d(t) = -2*t**2 - 34*t + 8. Let w(n) = n**2 + 11*n + 16. Let f be w(-6). List the prime factors of d(f).
2, 23
Let y(k) = 3*k + 1. Let h be y(-2). Let a(c) = c**2 - 2*c + 3. List the prime factors of a(h).
2, 19
Let j(p) = -4*p - p**3 + 7 - 8*p**2 + p**2 + 2*p**2. Let g be j(-6). Suppose -5*r = -4*i - 164, -2*r - i + g = -4*i. List the prime factors of r.
2
Suppose -2*z + 3*h + 12 = 3*z, -12 = 2*z + 3*h. Suppose 2*m + 0 - 12 = z. Suppose -m = -4*o + 2. What are the prime factors of o?
2
Let x be 2/(-3)*126/(-12). Suppose -5*y - 5*w = 255, 2*y - 2*w = x*y + 264. What are the prime factors of 2/(-12) - 225/y?
2
Suppose v + 3*q - 128 = -v, 3*q = 2*v - 140. List the prime factors of v.
67
Let m be 36 + (-6 - (2 + -5)). Suppose 0 = -3*i + 15, 4*u + 7*i - 2*i = m. Suppose -a - 5*y = -8, y = 2*a + u*y - 52. What are the prime factors of a?
2, 7
What are the prime factors of (-25)/(-150) - 1097/(-6)?
3, 61
Let l be (9/(-2))/(30/(-40)). Suppose 0 = 2*b + l*b - 336. List the prime factors of b.
2, 3, 7
Let p(m) be the second derivative of -m**4/12 - 25*m**3/6 + 2*m**2 - 9*m. List the prime factors of p(-16).
2, 37
Suppose -5*m - 77 = -317. Suppose 72 = 5*o + 3*t, o + 4*o = 3*t + m. What are the prime factors of o?
2, 3
Suppose 3*m + 2*k - 227 = 0, -4*m - 3*k + 32 = -270. Suppose 0 = -12*l + 1627 + m. List the prime factors of l.
2, 71
Let h = 1044 - -1301. List the prime factors of h.
5, 7, 67
Let b be -11 - -16 - 0/2. Let q(v) = v**3 - 2*v**2 - 11*v - 4. Let j be q(b). Suppose -j = 3*h - 7*h. What are the prime factors of h?
2
Let s(n) be the first derivative of 38*n**3/3 - n**2 - n + 42. List the prime factors of s(-2).
5, 31
Let y = -29 - -11. Let c(i) = -i**3 - 2*i**2 - i - 5. Let d be c(-4). Let